{"id":4601,"date":"2023-03-24T10:19:02","date_gmt":"2023-03-24T10:19:02","guid":{"rendered":"https:\/\/frame-adv.com\/?page_id=4601"},"modified":"2026-04-02T13:37:51","modified_gmt":"2026-04-02T13:37:51","slug":"story-telling-2","status":"publish","type":"page","link":"https:\/\/frame-adv.com\/index.php\/story-telling-2\/","title":{"rendered":"Storytelling"},"content":{"rendered":"\t\t<div data-elementor-type=\"wp-page\" data-elementor-id=\"4601\" class=\"elementor elementor-4601\" data-elementor-post-type=\"page\">\n\t\t\t\t\t\t<section class=\"elementor-section elementor-top-section elementor-element elementor-element-0f07048 elementor-section-full_width elementor-hidden-mobile elementor-section-height-default elementor-section-height-default\" data-id=\"0f07048\" data-element_type=\"section\">\n\t\t\t\t\t\t<div class=\"elementor-container elementor-column-gap-no\">\n\t\t\t\t\t<div class=\"elementor-column elementor-col-100 elementor-top-column elementor-element elementor-element-9ad25cb\" data-id=\"9ad25cb\" data-element_type=\"column\">\n\t\t\t<div class=\"elementor-widget-wrap elementor-element-populated\">\n\t\t\t\t\t\t<div class=\"elementor-element elementor-element-f25ae4c elementor-widget elementor-widget-video\" data-id=\"f25ae4c\" data-element_type=\"widget\" data-settings=\"{&quot;video_type&quot;:&quot;hosted&quot;,&quot;autoplay&quot;:&quot;yes&quot;}\" data-widget_type=\"video.default\">\n\t\t\t\t<div class=\"elementor-widget-container\">\n\t\t\t\t\t\t\t<div class=\"e-hosted-video elementor-wrapper elementor-open-inline\">\n\t\t\t\t\t<video class=\"elementor-video\" src=\"https:\/\/frame-adv.com\/wp-content\/uploads\/2023\/03\/STORY-TELLING.mp4\" autoplay=\"\" controlsList=\"nodownload\"><\/video>\n\t\t\t\t<\/div>\n\t\t\t\t\t\t<\/div>\n\t\t\t\t<\/div>\n\t\t\t\t\t<\/div>\n\t\t<\/div>\n\t\t\t\t\t<\/div>\n\t\t<\/section>\n\t\t\t\t<section class=\"elementor-section elementor-top-section elementor-element elementor-element-6406762 elementor-section-full_width elementor-hidden-desktop elementor-hidden-tablet elementor-section-height-default elementor-section-height-default\" data-id=\"6406762\" data-element_type=\"section\">\n\t\t\t\t\t\t<div class=\"elementor-container elementor-column-gap-no\">\n\t\t\t\t\t<div class=\"elementor-column elementor-col-100 elementor-top-column elementor-element elementor-element-10bff1a\" data-id=\"10bff1a\" data-element_type=\"column\">\n\t\t\t<div class=\"elementor-widget-wrap elementor-element-populated\">\n\t\t\t\t\t\t<div class=\"elementor-element elementor-element-43d9406 elementor-widget elementor-widget-video\" data-id=\"43d9406\" data-element_type=\"widget\" data-settings=\"{&quot;video_type&quot;:&quot;hosted&quot;,&quot;autoplay&quot;:&quot;yes&quot;,&quot;mute&quot;:&quot;yes&quot;,&quot;play_on_mobile&quot;:&quot;yes&quot;}\" data-widget_type=\"video.default\">\n\t\t\t\t<div class=\"elementor-widget-container\">\n\t\t\t\t\t\t\t<div class=\"e-hosted-video elementor-wrapper elementor-open-inline\">\n\t\t\t\t\t<video class=\"elementor-video\" src=\"https:\/\/frame-adv.com\/wp-content\/uploads\/2023\/03\/story-telling.mp4\" autoplay=\"\" muted=\"muted\" playsinline=\"\" controlsList=\"nodownload\"><\/video>\n\t\t\t\t<\/div>\n\t\t\t\t\t\t<\/div>\n\t\t\t\t<\/div>\n\t\t\t\t\t<\/div>\n\t\t<\/div>\n\t\t\t\t\t<\/div>\n\t\t<\/section>\n\t\t\t\t<section class=\"elementor-section elementor-top-section elementor-element elementor-element-ea77890 elementor-section-boxed elementor-section-height-default elementor-section-height-default\" data-id=\"ea77890\" data-element_type=\"section\" data-settings=\"{&quot;background_background&quot;:&quot;classic&quot;}\">\n\t\t\t\t\t\t<div class=\"elementor-container elementor-column-gap-default\">\n\t\t\t\t\t<div class=\"elementor-column elementor-col-100 elementor-top-column elementor-element elementor-element-57759a8\" data-id=\"57759a8\" data-element_type=\"column\">\n\t\t\t<div class=\"elementor-widget-wrap elementor-element-populated\">\n\t\t\t\t\t\t<div class=\"elementor-element elementor-element-3438cf1 animated-slow elementor-invisible elementor-widget elementor-widget-text-editor\" data-id=\"3438cf1\" data-element_type=\"widget\" data-settings=\"{&quot;_animation&quot;:&quot;fadeIn&quot;}\" data-widget_type=\"text-editor.default\">\n\t\t\t\t<div class=\"elementor-widget-container\">\n\t\t\t\t\t\t\t\t\t<h1>Il <em><span style=\"color: #929292;\">fal\u00f2 <\/span><\/em>.<\/h1>\n<h2>Da l\u00ec tutto \u00e8 nato, dai racconti intorno al fuoco, dalle avventure e dagli amori sognati e desiderati, dalle gesta che sanno ispirare le emozioni pi\u00f9 profonde in ciascuno di noi. Nulla \u00e8 cambiato dall\u2019alba dell\u2019umanit\u00e0 ad oggi, se non<em> <span style=\"color: #929292;\">Il luogo <\/span><\/em> in cui tutto questo avviene.\nCi siamo spostati su Internet, nelle chat, sulle pagine social e nel mondo virtuale in cui passiamo gran parte del nostro tempo.<\/h2>\t\t\t\t\t\t\t\t<\/div>\n\t\t\t\t<\/div>\n\t\t\t\t\t<\/div>\n\t\t<\/div>\n\t\t\t\t\t<\/div>\n\t\t<\/section>\n\t\t\t\t<section class=\"elementor-section elementor-top-section elementor-element elementor-element-ad48c24 elementor-section-boxed elementor-section-height-default elementor-section-height-default\" data-id=\"ad48c24\" data-element_type=\"section\" data-settings=\"{&quot;background_background&quot;:&quot;classic&quot;}\">\n\t\t\t\t\t\t<div class=\"elementor-container elementor-column-gap-default\">\n\t\t\t\t\t<div class=\"elementor-column elementor-col-100 elementor-top-column elementor-element elementor-element-d075f43\" data-id=\"d075f43\" data-element_type=\"column\">\n\t\t\t<div class=\"elementor-widget-wrap elementor-element-populated\">\n\t\t\t\t\t\t<section class=\"elementor-section elementor-inner-section elementor-element elementor-element-dfb7994 elementor-section-boxed elementor-section-height-default elementor-section-height-default\" data-id=\"dfb7994\" data-element_type=\"section\">\n\t\t\t\t\t\t<div class=\"elementor-container elementor-column-gap-default\">\n\t\t\t\t\t<div class=\"elementor-column elementor-col-50 elementor-inner-column elementor-element elementor-element-0aac260\" data-id=\"0aac260\" data-element_type=\"column\">\n\t\t\t<div class=\"elementor-widget-wrap elementor-element-populated\">\n\t\t\t\t\t\t<div class=\"elementor-element elementor-element-603cce6 elementor-invisible elementor-widget elementor-widget-text-editor\" data-id=\"603cce6\" data-element_type=\"widget\" data-settings=\"{&quot;_animation&quot;:&quot;fadeInLeft&quot;}\" data-widget_type=\"text-editor.default\">\n\t\t\t\t<div class=\"elementor-widget-container\">\n\t\t\t\t\t\t\t\t\t<h1>Il vero segreto \u00e8 imparare di nuovo a raccontare per\u00a0<em><span style=\"color: #000000;\"><br>coinvolgere<\/span><\/em><span style=\"font-style: inherit;\">.<\/span><\/h1>\t\t\t\t\t\t\t\t<\/div>\n\t\t\t\t<\/div>\n\t\t\t\t<div class=\"elementor-element elementor-element-db5c3c1 elementor-invisible elementor-widget elementor-widget-text-editor\" data-id=\"db5c3c1\" data-element_type=\"widget\" data-settings=\"{&quot;_animation&quot;:&quot;fadeIn&quot;}\" data-widget_type=\"text-editor.default\">\n\t\t\t\t<div class=\"elementor-widget-container\">\n\t\t\t\t\t\t\t\t\t<h2>In una parola, per creare <em><span style=\"color: #000000;\">immedesimazione <\/span><\/em>.\nNon \u00e8 forse ci\u00f2 che avviene quando ci gustiamo un bel film e tifiamo per il personaggio protagonista?<\/h2>\t\t\t\t\t\t\t\t<\/div>\n\t\t\t\t<\/div>\n\t\t\t\t\t<\/div>\n\t\t<\/div>\n\t\t\t\t<div class=\"elementor-column elementor-col-50 elementor-inner-column elementor-element elementor-element-b0026f7\" data-id=\"b0026f7\" data-element_type=\"column\" data-settings=\"{&quot;background_background&quot;:&quot;classic&quot;}\">\n\t\t\t<div class=\"elementor-widget-wrap elementor-element-populated\">\n\t\t\t\t\t\t<div class=\"elementor-element elementor-element-33340ea elementor-invisible elementor-widget elementor-widget-text-editor\" data-id=\"33340ea\" data-element_type=\"widget\" data-settings=\"{&quot;_animation&quot;:&quot;fadeInRight&quot;}\" data-widget_type=\"text-editor.default\">\n\t\t\t\t<div class=\"elementor-widget-container\">\n\t\t\t\t\t\t\t\t\t<h1><em><span style=\"color: #000000;\">Raccontare<\/span><\/em> il tuo mondo.<\/h1>\t\t\t\t\t\t\t\t<\/div>\n\t\t\t\t<\/div>\n\t\t\t\t<div class=\"elementor-element elementor-element-29daf75 elementor-invisible elementor-widget elementor-widget-text-editor\" data-id=\"29daf75\" data-element_type=\"widget\" data-settings=\"{&quot;_animation&quot;:&quot;fadeIn&quot;}\" data-widget_type=\"text-editor.default\">\n\t\t\t\t<div class=\"elementor-widget-container\">\n\t\t\t\t\t\t\t\t\t<h2>Solo cos\u00ec l\u2019azienda non \u00e8 pi\u00f9 solo un\u2019azienda, ma diventa un contenitore di <em><span style=\"color: #000000;\">valori <\/span><\/em>, di <em><span style=\"color: #000000;\">idee<\/span><\/em>, un <em><span style=\"color: #000000;\">mondo a cui aderire <\/span><\/em>: e, allo stesso modo, i prodotti e i servizi non sono pi\u00f9 semplicemente tali, ma diventano lo specchio di quel mondo.<\/h2>\t\t\t\t\t\t\t\t<\/div>\n\t\t\t\t<\/div>\n\t\t\t\t\t<\/div>\n\t\t<\/div>\n\t\t\t\t\t<\/div>\n\t\t<\/section>\n\t\t\t\t\t<\/div>\n\t\t<\/div>\n\t\t\t\t\t<\/div>\n\t\t<\/section>\n\t\t\t\t<section class=\"elementor-section elementor-top-section elementor-element elementor-element-25c0f14 elementor-section-boxed elementor-section-height-default elementor-section-height-default\" data-id=\"25c0f14\" data-element_type=\"section\" data-settings=\"{&quot;background_background&quot;:&quot;classic&quot;}\">\n\t\t\t\t\t\t<div class=\"elementor-container elementor-column-gap-default\">\n\t\t\t\t\t<div class=\"elementor-column elementor-col-100 elementor-top-column elementor-element elementor-element-fea7092\" data-id=\"fea7092\" data-element_type=\"column\">\n\t\t\t<div class=\"elementor-widget-wrap elementor-element-populated\">\n\t\t\t\t\t\t<section class=\"elementor-section elementor-inner-section elementor-element elementor-element-02ca79b elementor-section-boxed elementor-section-height-default elementor-section-height-default\" data-id=\"02ca79b\" data-element_type=\"section\">\n\t\t\t\t\t\t<div class=\"elementor-container elementor-column-gap-default\">\n\t\t\t\t\t<div class=\"elementor-column elementor-col-50 elementor-inner-column elementor-element elementor-element-0a97d1e\" data-id=\"0a97d1e\" data-element_type=\"column\" data-settings=\"{&quot;background_background&quot;:&quot;classic&quot;}\">\n\t\t\t<div class=\"elementor-widget-wrap elementor-element-populated\">\n\t\t\t\t\t\t<div class=\"elementor-element elementor-element-fe8d79e elementor-invisible elementor-widget elementor-widget-text-editor\" data-id=\"fe8d79e\" data-element_type=\"widget\" data-settings=\"{&quot;_animation&quot;:&quot;fadeInLeft&quot;}\" data-widget_type=\"text-editor.default\">\n\t\t\t\t<div class=\"elementor-widget-container\">\n\t\t\t\t\t\t\t\t\t<h1>Dare vita alle <em><span style=\"color: #c0b7f8;\">emozioni <\/span><\/em>.<\/h1>\t\t\t\t\t\t\t\t<\/div>\n\t\t\t\t<\/div>\n\t\t\t\t<div class=\"elementor-element elementor-element-4d863b7 elementor-invisible elementor-widget elementor-widget-text-editor\" data-id=\"4d863b7\" data-element_type=\"widget\" data-settings=\"{&quot;_animation&quot;:&quot;fadeIn&quot;}\" data-widget_type=\"text-editor.default\">\n\t\t\t\t<div class=\"elementor-widget-container\">\n\t\t\t\t\t\t\t\t\tLo <em><span style=\"color: #c0b7f8;\">storytelling <\/span><\/em> mira a coinvolgere emotivamente chi legge, vede o ascolta un contenuto mirando proprio al coinvolgimento attivo nel mondo dell\u2019azienda: questo \u00e8 ci\u00f2 che cerchiamo di fare in qualsiasi nostra attivit\u00e0, pubblicitaria o semplicemente di comunicazione.\n\u00c8 l\u2019approccio pi\u00f9 attuale, pi\u00f9 vincente. \u00c8 la scelta pi\u00f9 <em><span style=\"color: #c0b7f8;\">umana <\/span><\/em>, in fondo, per parlare ad altri esseri umani.\t\t\t\t\t\t\t\t<\/div>\n\t\t\t\t<\/div>\n\t\t\t\t\t<\/div>\n\t\t<\/div>\n\t\t\t\t<div class=\"elementor-column elementor-col-50 elementor-inner-column elementor-element elementor-element-e1e122a\" data-id=\"e1e122a\" data-element_type=\"column\" data-settings=\"{&quot;background_background&quot;:&quot;classic&quot;}\">\n\t\t\t<div class=\"elementor-widget-wrap elementor-element-populated\">\n\t\t\t\t\t\t<div class=\"elementor-element elementor-element-b8e00c2 elementor-invisible elementor-widget elementor-widget-text-editor\" data-id=\"b8e00c2\" data-element_type=\"widget\" data-settings=\"{&quot;_animation&quot;:&quot;fadeInRight&quot;}\" data-widget_type=\"text-editor.default\">\n\t\t\t\t<div class=\"elementor-widget-container\">\n\t\t\t\t\t\t\t\t\t<h1><em><span style=\"color: #929292;\">Scrivere: <\/span><\/em> sappiamo farlo bene.<\/h1>\t\t\t\t\t\t\t\t<\/div>\n\t\t\t\t<\/div>\n\t\t\t\t<div class=\"elementor-element elementor-element-ea12b16 elementor-invisible elementor-widget elementor-widget-text-editor\" data-id=\"ea12b16\" data-element_type=\"widget\" data-settings=\"{&quot;_animation&quot;:&quot;fadeIn&quot;}\" data-widget_type=\"text-editor.default\">\n\t\t\t\t<div class=\"elementor-widget-container\">\n\t\t\t\t\t\t\t\t\tPartendo da un approccio narrativo o di semplice <em><span style=\"color: #929292;\">comunicazione commerciale o istituzionale <\/span><\/em>, abbiamo una competenza specifica sulla creazione di contenuti per differenti canali e obiettivi: possiamo gestire le tue pagine Social, creare i testi per il tuo sito web, dare vita a inserzioni pubblicitarie, creare videoclip e filmati emotivi in base alle necessit\u00e0, fino alla vera e propria scrittura di libri, ebook e prodotti editoriali.\t\t\t\t\t\t\t\t<\/div>\n\t\t\t\t<\/div>\n\t\t\t\t\t<\/div>\n\t\t<\/div>\n\t\t\t\t\t<\/div>\n\t\t<\/section>\n\t\t\t\t\t<\/div>\n\t\t<\/div>\n\t\t\t\t\t<\/div>\n\t\t<\/section>\n\t\t\t\t<section class=\"elementor-section elementor-top-section elementor-element elementor-element-283fada elementor-section-boxed elementor-section-height-default elementor-section-height-default\" data-id=\"283fada\" data-element_type=\"section\" data-settings=\"{&quot;background_background&quot;:&quot;classic&quot;}\">\n\t\t\t\t\t\t<div class=\"elementor-container elementor-column-gap-default\">\n\t\t\t\t\t<div class=\"elementor-column elementor-col-100 elementor-top-column elementor-element elementor-element-bd512e9\" data-id=\"bd512e9\" data-element_type=\"column\">\n\t\t\t<div class=\"elementor-widget-wrap elementor-element-populated\">\n\t\t\t\t\t\t<section class=\"elementor-section elementor-inner-section elementor-element elementor-element-00dab72 elementor-section-boxed elementor-section-height-default elementor-section-height-default\" data-id=\"00dab72\" data-element_type=\"section\">\n\t\t\t\t\t\t<div class=\"elementor-container elementor-column-gap-default\">\n\t\t\t\t\t<div class=\"elementor-column elementor-col-100 elementor-inner-column elementor-element elementor-element-d61848d\" data-id=\"d61848d\" data-element_type=\"column\">\n\t\t\t<div class=\"elementor-widget-wrap elementor-element-populated\">\n\t\t\t\t\t\t<div class=\"elementor-element elementor-element-8e5946b elementor-widget__width-initial elementor-invisible elementor-widget elementor-widget-text-editor\" data-id=\"8e5946b\" data-element_type=\"widget\" data-settings=\"{&quot;_animation&quot;:&quot;fadeIn&quot;}\" data-widget_type=\"text-editor.default\">\n\t\t\t\t<div class=\"elementor-widget-container\">\n\t\t\t\t\t\t\t\t\t<p><a href=\"https:\/\/frame-adv.com\/index.php\/contatti\/\"><span style=\"color: #ffffff;\">\u00c8 ora di sedersi intorno al fuoco, il racconto sta per iniziare: vieni anche tu. Scopri come valorizzare la tua <em><span style=\"color: #000000;\">Identit\u00e0 Aziendale <\/span><\/em> attraverso l\u2019arte del racconto.<\/span><\/a><\/p>\t\t\t\t\t\t\t\t<\/div>\n\t\t\t\t<\/div>\n\t\t\t\t\t<\/div>\n\t\t<\/div>\n\t\t\t\t\t<\/div>\n\t\t<\/section>\n\t\t\t\t\t<\/div>\n\t\t<\/div>\n\t\t\t\t\t<\/div>\n\t\t<\/section>\n\t\t\t\t<\/div>\n\t\t","protected":false},"excerpt":{"rendered":"<p>https:\/\/frame-adv.com\/wp-content\/uploads\/2023\/03\/STORY-TELLING.mp4https:\/\/frame-adv.com\/wp-content\/uploads\/2023\/03\/story-telling.mp4 Il fal\u00f2 . Da l\u00ec tutto \u00e8 nato, dai racconti intorno al fuoco, dalle avventure e dagli amori sognati e desiderati, dalle gesta che sanno ispirare le emozioni pi\u00f9 profonde in ciascuno di noi. Nulla \u00e8 cambiato dall\u2019alba dell\u2019umanit\u00e0 ad oggi, se non Il luogo in cui tutto questo avviene. Ci siamo spostati su Internet, nelle chat, sulle pagine social e nel mondo virtuale in cui passiamo gran parte del nostro tempo. Il vero segreto \u00e8 imparare di nuovo a raccontare per\u00a0coinvolgere. In una parola, per creare immedesimazione . Non \u00e8 forse ci\u00f2 che avviene quando ci gustiamo un bel film e tifiamo per il personaggio protagonista? Raccontare il tuo mondo. Solo cos\u00ec l\u2019azienda non \u00e8 pi\u00f9 solo un\u2019azienda, ma diventa un contenitore di valori , di idee, un mondo a cui aderire : e, allo stesso modo, i prodotti e i servizi non sono pi\u00f9 semplicemente tali, ma &#8230; <\/p>\n<p class=\"read-more-container\"><a title=\"Storytelling\" class=\"read-more button\" href=\"https:\/\/frame-adv.com\/index.php\/story-telling-2\/#more-4601\" aria-label=\"Per saperne di pi\u00f9 su Storytelling\">Continua<\/a><\/p>\n","protected":false},"author":1,"featured_media":0,"parent":0,"menu_order":0,"comment_status":"closed","ping_status":"closed","template":"","meta":{"footnotes":""},"class_list":["post-4601","page","type-page","status-publish"],"yoast_head":"<!-- This site is optimized with the Yoast SEO plugin v25.5 - https:\/\/yoast.com\/wordpress\/plugins\/seo\/ -->\n<title>Storytelling - Frame ADV<\/title>\n<meta name=\"description\" content=\"In una parola, per creare immedesimazione. Non \u00e8 forse ci\u00f2 che avviene quando ci gustiamo un bel film o il nostro personaggio preferito?\" \/>\n<meta name=\"robots\" content=\"index, follow, max-snippet:-1, max-image-preview:large, max-video-preview:-1\" \/>\n<link rel=\"canonical\" href=\"https:\/\/frame-adv.com\/index.php\/story-telling-2\/\" \/>\n<meta property=\"og:locale\" content=\"it_IT\" \/>\n<meta property=\"og:type\" content=\"article\" \/>\n<meta property=\"og:title\" content=\"Storytelling - Frame ADV\" \/>\n<meta property=\"og:description\" content=\"In una parola, per creare immedesimazione. Non \u00e8 forse ci\u00f2 che avviene quando ci gustiamo un bel film o il nostro personaggio preferito?\" \/>\n<meta property=\"og:url\" content=\"https:\/\/frame-adv.com\/index.php\/story-telling-2\/\" \/>\n<meta property=\"og:site_name\" content=\"Frame ADV\" \/>\n<meta property=\"article:modified_time\" content=\"2026-04-02T13:37:51+00:00\" \/>\n<meta name=\"twitter:card\" content=\"summary_large_image\" \/>\n<meta name=\"twitter:label1\" content=\"Tempo di lettura stimato\" \/>\n\t<meta name=\"twitter:data1\" content=\"2 minuti\" \/>\n<script type=\"application\/ld+json\" class=\"yoast-schema-graph\">{\"@context\":\"https:\/\/schema.org\",\"@graph\":[{\"@type\":\"WebPage\",\"@id\":\"https:\/\/frame-adv.com\/index.php\/story-telling-2\/\",\"url\":\"https:\/\/frame-adv.com\/index.php\/story-telling-2\/\",\"name\":\"Storytelling - Frame ADV\",\"isPartOf\":{\"@id\":\"https:\/\/frame-adv.com\/#website\"},\"datePublished\":\"2023-03-24T10:19:02+00:00\",\"dateModified\":\"2026-04-02T13:37:51+00:00\",\"description\":\"In una parola, per creare immedesimazione. Non \u00e8 forse ci\u00f2 che avviene quando ci gustiamo un bel film o il nostro personaggio preferito?\",\"breadcrumb\":{\"@id\":\"https:\/\/frame-adv.com\/index.php\/story-telling-2\/#breadcrumb\"},\"inLanguage\":\"it-IT\",\"potentialAction\":[{\"@type\":\"ReadAction\",\"target\":[\"https:\/\/frame-adv.com\/index.php\/story-telling-2\/\"]}]},{\"@type\":\"BreadcrumbList\",\"@id\":\"https:\/\/frame-adv.com\/index.php\/story-telling-2\/#breadcrumb\",\"itemListElement\":[{\"@type\":\"ListItem\",\"position\":1,\"name\":\"Home\",\"item\":\"https:\/\/frame-adv.com\/\"},{\"@type\":\"ListItem\",\"position\":2,\"name\":\"Storytelling\"}]},{\"@type\":\"WebSite\",\"@id\":\"https:\/\/frame-adv.com\/#website\",\"url\":\"https:\/\/frame-adv.com\/\",\"name\":\"Frame ADV\",\"description\":\"Agenzia di comunicazione e marketing\",\"publisher\":{\"@id\":\"https:\/\/frame-adv.com\/#organization\"},\"potentialAction\":[{\"@type\":\"SearchAction\",\"target\":{\"@type\":\"EntryPoint\",\"urlTemplate\":\"https:\/\/frame-adv.com\/?s={search_term_string}\"},\"query-input\":{\"@type\":\"PropertyValueSpecification\",\"valueRequired\":true,\"valueName\":\"search_term_string\"}}],\"inLanguage\":\"it-IT\"},{\"@type\":\"Organization\",\"@id\":\"https:\/\/frame-adv.com\/#organization\",\"name\":\"Frame ADV\",\"url\":\"https:\/\/frame-adv.com\/\",\"logo\":{\"@type\":\"ImageObject\",\"inLanguage\":\"it-IT\",\"@id\":\"https:\/\/frame-adv.com\/#\/schema\/logo\/image\/\",\"url\":\"https:\/\/frame-adv.com\/wp-content\/uploads\/2023\/11\/cropped-cropped-E-COMUNICAZIONE.png\",\"contentUrl\":\"https:\/\/frame-adv.com\/wp-content\/uploads\/2023\/11\/cropped-cropped-E-COMUNICAZIONE.png\",\"width\":500,\"height\":136,\"caption\":\"Frame ADV\"},\"image\":{\"@id\":\"https:\/\/frame-adv.com\/#\/schema\/logo\/image\/\"}}]}<\/script>\n<!-- \/ Yoast SEO plugin. -->","yoast_head_json":{"title":"Storytelling - Frame ADV","description":"In una parola, per creare immedesimazione. Non \u00e8 forse ci\u00f2 che avviene quando ci gustiamo un bel film o il nostro personaggio preferito?","robots":{"index":"index","follow":"follow","max-snippet":"max-snippet:-1","max-image-preview":"max-image-preview:large","max-video-preview":"max-video-preview:-1"},"canonical":"https:\/\/frame-adv.com\/index.php\/story-telling-2\/","og_locale":"it_IT","og_type":"article","og_title":"Storytelling - Frame ADV","og_description":"In una parola, per creare immedesimazione. Non \u00e8 forse ci\u00f2 che avviene quando ci gustiamo un bel film o il nostro personaggio preferito?","og_url":"https:\/\/frame-adv.com\/index.php\/story-telling-2\/","og_site_name":"Frame ADV","article_modified_time":"2026-04-02T13:37:51+00:00","twitter_card":"summary_large_image","twitter_misc":{"Tempo di lettura stimato":"2 minuti"},"schema":{"@context":"https:\/\/schema.org","@graph":[{"@type":"WebPage","@id":"https:\/\/frame-adv.com\/index.php\/story-telling-2\/","url":"https:\/\/frame-adv.com\/index.php\/story-telling-2\/","name":"Storytelling - Frame ADV","isPartOf":{"@id":"https:\/\/frame-adv.com\/#website"},"datePublished":"2023-03-24T10:19:02+00:00","dateModified":"2026-04-02T13:37:51+00:00","description":"In una parola, per creare immedesimazione. Non \u00e8 forse ci\u00f2 che avviene quando ci gustiamo un bel film o il nostro personaggio preferito?","breadcrumb":{"@id":"https:\/\/frame-adv.com\/index.php\/story-telling-2\/#breadcrumb"},"inLanguage":"it-IT","potentialAction":[{"@type":"ReadAction","target":["https:\/\/frame-adv.com\/index.php\/story-telling-2\/"]}]},{"@type":"BreadcrumbList","@id":"https:\/\/frame-adv.com\/index.php\/story-telling-2\/#breadcrumb","itemListElement":[{"@type":"ListItem","position":1,"name":"Home","item":"https:\/\/frame-adv.com\/"},{"@type":"ListItem","position":2,"name":"Storytelling"}]},{"@type":"WebSite","@id":"https:\/\/frame-adv.com\/#website","url":"https:\/\/frame-adv.com\/","name":"Frame ADV","description":"Agenzia di comunicazione e marketing","publisher":{"@id":"https:\/\/frame-adv.com\/#organization"},"potentialAction":[{"@type":"SearchAction","target":{"@type":"EntryPoint","urlTemplate":"https:\/\/frame-adv.com\/?s={search_term_string}"},"query-input":{"@type":"PropertyValueSpecification","valueRequired":true,"valueName":"search_term_string"}}],"inLanguage":"it-IT"},{"@type":"Organization","@id":"https:\/\/frame-adv.com\/#organization","name":"Frame ADV","url":"https:\/\/frame-adv.com\/","logo":{"@type":"ImageObject","inLanguage":"it-IT","@id":"https:\/\/frame-adv.com\/#\/schema\/logo\/image\/","url":"https:\/\/frame-adv.com\/wp-content\/uploads\/2023\/11\/cropped-cropped-E-COMUNICAZIONE.png","contentUrl":"https:\/\/frame-adv.com\/wp-content\/uploads\/2023\/11\/cropped-cropped-E-COMUNICAZIONE.png","width":500,"height":136,"caption":"Frame ADV"},"image":{"@id":"https:\/\/frame-adv.com\/#\/schema\/logo\/image\/"}}]}},"_links":{"self":[{"href":"https:\/\/frame-adv.com\/index.php\/wp-json\/wp\/v2\/pages\/4601","targetHints":{"allow":["GET"]}}],"collection":[{"href":"https:\/\/frame-adv.com\/index.php\/wp-json\/wp\/v2\/pages"}],"about":[{"href":"https:\/\/frame-adv.com\/index.php\/wp-json\/wp\/v2\/types\/page"}],"author":[{"embeddable":true,"href":"https:\/\/frame-adv.com\/index.php\/wp-json\/wp\/v2\/users\/1"}],"replies":[{"embeddable":true,"href":"https:\/\/frame-adv.com\/index.php\/wp-json\/wp\/v2\/comments?post=4601"}],"version-history":[{"count":6,"href":"https:\/\/frame-adv.com\/index.php\/wp-json\/wp\/v2\/pages\/4601\/revisions"}],"predecessor-version":[{"id":11013,"href":"https:\/\/frame-adv.com\/index.php\/wp-json\/wp\/v2\/pages\/4601\/revisions\/11013"}],"wp:attachment":[{"href":"https:\/\/frame-adv.com\/index.php\/wp-json\/wp\/v2\/media?parent=4601"}],"curies":[{"name":"wp","href":"https:\/\/api.w.org\/{rel}","templated":true}]}}